= -4*g + 89, -j + 18 = g - 3. Suppose g*r = 27*r - 1110. List the prime factors of r.
2, 3, 37
Let a(x) = x**3 - 29*x**2 - 35*x + 161. List the prime factors of a(32).
2113
Let j = -417 + 457. List the prime factors of j.
2, 5
Let k(z) = z**3 + 25*z**2 + 3*z + 19. Let x be k(-24). Suppose -867 - x = -10*c. List the prime factors of c.
139
Let n = -299 + 865. What are the prime factors of n?
2, 283
Let j = -116 + 110. List the prime factors of (-10430)/(-80) + j/16.
2, 5, 13
Suppose -14112 = g - 17*g. What are the prime factors of g?
2, 3, 7
Let k(v) = -v**3 - 5*v**2 + 7*v + 9. Let g be 4/((-28)/(-12) + -3). Let p be k(g). Suppose p*x + 2*r = -2*x + 49, -3*r + 13 = 2*x. List the prime factors of x.
11
Let j = -1240 + 1749. List the prime factors of j.
509
Suppose -g = -13 + 11. Suppose 0 = -0*n - g*n + 46. What are the prime factors of n?
23
Let x(y) = 4*y**2 - 7*y + 2. Let v be x(8). Suppose 0 = 4*o - 2*o - v. Suppose -19 = -f - 0*f + 2*d, 4*d + o = 5*f. List the prime factors of f.
3, 7
Let f(p) be the second derivative of p**4/12 + 2*p**3 - 2*p**2 - 3*p. Let b be f(-10). List the prime factors of (b*2 - -3)*-1.
3, 5
Let b be 0 + 192 + 2*2/2. Suppose 0 = 3*d - 3, -3*c = -2*d + 4 - b. List the prime factors of c.
2
Let n be -2*(1 + 684/8). Let s = -115 - n. Suppose -6*j + 212 = -s. List the prime factors of j.
3, 5
Let x(z) = -105*z - 749. What are the prime factors of x(-28)?
7, 313
Suppose -4*g + u + 3*u + 1180 = 0, 0 = -g - 5*u + 319. What are the prime factors of g?
13, 23
Let c be ((-1)/2)/((-6)/84). Let m be (6/4)/(c/(-14)). What are the prime factors of (22 - 2) + 1*m?
17
Let l = 28 + -252. Let y = -83 - l. List the prime factors of y.
3, 47
Let h(j) = 13*j**2 - 4*j + 1. Let x be h(2). Let g = x - 2. List the prime factors of g.
43
Let w = -50 - -203. What are the prime factors of w?
3, 17
Suppose 8*o - 4*o - 8 = 0. Suppose -o*j + 7 = -1. Suppose -j*v + 132 = -v. List the prime factors of v.
2, 11
Suppose -3*m - 2*w + 9724 = 0, -m + 1722 + 1506 = 4*w. List the prime factors of m.
2, 811
Let i be ((-2406)/(-9))/(4/(-24)). List the prime factors of (i/56 + (-1)/(-7))*-8.
2, 3, 19
Let l(z) = 150*z**2. Let n be l(1). Suppose 0 = -5*h - 4*r + 647 - 245, -2*h + 2*r + n = 0. Suppose h = 4*w - 2*w. What are the prime factors of w?
3, 13
Suppose 0 = 2*c - 2*k - 0*k + 6, -13 = -c + 5*k. Let f(m) = 2*m**2 + 6*m**2 - 24*m + 21*m + m**3 - 13. What are the prime factors of f(c)?
3, 19
Suppose 5*w + 4*d = 1083, 3*w + 127 - 764 = 4*d. List the prime factors of w.
5, 43
Suppose -14*b + 79378 = -7520. What are the prime factors of b?
3, 2069
Let y(p) = p**3 + 40*p**2 - 64*p + 134. List the prime factors of y(-41).
3, 359
Suppose 2*t + 4*z - 6 = 2, 2*t - 5*z = 8. Suppose -4*l + 168 = -2*r + t*r, -3*r + 2*l = -220. List the prime factors of r.
2, 19
Let l(h) = 4*h**2 + 9*h + 2. Let m(c) = 3*c**2 + 9*c + 1. Let o(f) = -4*l(f) + 5*m(f). Let g be 18/2 - (-6)/(-3). What are the prime factors of o(g)?
11
Let i = 132 + -26. What are the prime factors of -1*(-1)/2*i?
53
What are the prime factors of 8 - ((11 - 6) + -61)?
2
Let i = -73 - -41. Let j = i + 58. List the prime factors of j.
2, 13
Let i = 40 + -2. Let o be 17/(-68) - 146/(-8). Suppose -4*q = -i - o. List the prime factors of q.
2, 7
Let v = 440 + -162. Suppose -3*m + p - 689 = -8*m, 0 = -2*m + 2*p + v. List the prime factors of m.
2, 3, 23
Let s(z) = 52*z - 11. What are the prime factors of s(12)?
613
Let h = 39 + -36. Suppose -4*r = h*j - 234, -3*r + j - 6*j = -170. What are the prime factors of r?
2, 3, 5
Suppose 0*o + 3*o - 12 = 0. Suppose o*s - 7 - 101 = 0. List the prime factors of s.
3
Suppose 0*k - 8 = -k. Let q = 3 + k. List the prime factors of q.
11
What are the prime factors of ((-35)/(-5) - -496)*1?
503
Suppose -4*y + 41 = -4*t - t, -5*y = -3*t - 35. Suppose 4*c - 856 = -y*v, 3*c - 2*c + 4*v = 214. List the prime factors of c.
2, 107
Suppose -14 = -3*m - 8. Suppose 0*g + 3*g = -4*w + 185, 5*w + 3*g = 235. Suppose 3*a = m*a + w. What are the prime factors of a?
2, 5
Let a = -105 + 29. List the prime factors of 0 + (-4 - a*1).
2, 3
Let g = 3260 + -1626. List the prime factors of g.
2, 19, 43
Let v(u) = -u**3 - 2*u**2 - u - 3. Let h(j) = j - 6. Let z be h(6). Suppose z = 7*l - 2*l + 15. List the prime factors of v(l).
3
Suppose -4*f - 234 = -322. What are the prime factors of f?
2, 11
Let r(p) = p**3 + 12*p**2 - 9*p + 19. What are the prime factors of r(-9)?
7
List the prime factors of 3 - 2361/(-2) - (-9)/(-6).
2, 3, 197
Let u(j) = -j**2 + 7*j + 15. Let a be u(11). Let n = a - -81. Suppose -n = h - 5*h. What are the prime factors of h?
13
Suppose z = 5*z - 76. Suppose 0 = -7*d + 12*d + 45. Let a = z + d. List the prime factors of a.
2, 5
Suppose -3*q - f + 8 = -66, 112 = 4*q + 4*f. Let b(l) = 4*l**2. Let h be b(-2). Let v = q - h. List the prime factors of v.
7
Suppose 29 = 11*m - 13468. What are the prime factors of m?
3, 409
Suppose -7*t + 4877 = 362. List the prime factors of t.
3, 5, 43
Let y(c) = c**2 + 6*c - 11. Let r be 0 - 0*4/16. Suppose -5*x + 3*x - 20 = r. What are the prime factors of y(x)?
29
Let o(b) = 2*b**2 + 45*b + 27. Let u be o(-26). Suppose 3*i - 460 - u = 0. List the prime factors of i.
223
Let u(p) = -p**3 + 29. Suppose -a + 5*a = 0. Let y be u(a). Let n = -9 + y. List the prime factors of n.
2, 5
Let w = -517 + 518. Let l be -4*(6/(-4))/3. Suppose l*g + 2*h - h = 25, -h + w = 0. What are the prime factors of g?
2, 3
Let l = -1 - -1. Suppose 3*v - 446 + 8 = l. Let c = v - 102. List the prime factors of c.
2, 11
Let d = -39 + 102. Suppose d = -10*h + 11*h. List the prime factors of h.
3, 7
Let a(g) = -11*g - 22. Let n be a(-10). Let s = 84 + n. Suppose -4*k - 5*t + s = 0, 0*k - 68 = -k + 5*t. List the prime factors of k.
2, 3
Suppose -17*f + 5399 = -1384. What are the prime factors of f?
3, 7, 19
Suppose -l - 6*l + 8624 = 0. What are the prime factors of l?
2, 7, 11
Suppose 0 = -r - 343 + 1575. List the prime factors of r.
2, 7, 11
Let b(d) = -56 - 65 + 115 - 36*d. List the prime factors of b(-2).
2, 3, 11
Let g = -271 - -386. Let w = g + 146. What are the prime factors of w?
3, 29
Let c be (27/12)/3 + (-23)/4. List the prime factors of 2 + (292 - 1 - c).
2, 149
Suppose 0 = 13*c + c - 10682. List the prime factors of c.
7, 109
Suppose 2*d - 3*u = 1680, 3*d - 3*u + 1656 = 5*d. Suppose 5*s - 326 - d = 0. What are the prime factors of s?
2, 29
Let d(q) = -q**3 + 16*q**2 + 12*q - 23. List the prime factors of d(15).
2, 191
Let a(v) = v**3 - 7*v**2 + 5. Let n = 7 + 0. Let m be a(n). Suppose 3*u = -3*l + 66, 2*u - 108 = -m*l - u. List the prime factors of l.
3, 7
Suppose 26*c - 44067 = 37235. What are the prime factors of c?
53, 59
Let z be -121*(20/(-2))/5. What are the prime factors of (-6)/(-10) + z/5?
7
List the prime factors of ((-220)/(-25) - 10)/((-4)/10).
3
Suppose -7*h = -6*h. Let n = 3 + h. Suppose -n*p = -46 + 19. List the prime factors of p.
3
Let p(i) = 4*i**2 - 1. Let y be p(-1). Suppose -15 = -0*g - y*g. What are the prime factors of 2*3/(-6) + g?
2
Let b(g) = 61*g**2 - 2*g + 1. Suppose 3*x - 4*h = 3, 2*h + 6 = 5*x + 1. List the prime factors of b(x).
2, 3, 5
Let w = -184 - -188. List the prime factors of w.
2
Let m(u) = -u**3 + 2*u**2 + 6*u - 9. Let x be m(3). Suppose x*v + 681 = 5*v - j, 4*j = -v + 132. What are the prime factors of v?
2, 17
Let n(p) = 2 - 2*p - 12*p**2 + 3*p + p**3 + 4*p**2 - 8. Let d be n(8). List the prime factors of (43/(-2))/((-1)/d).
43
Let t = -168 - -655. What are the prime factors of t?
487
What are the prime factors of 653 + (-6)/(-12)*(2 + 0)?
2, 3, 109
Suppose 0 = 11*u + 186 - 626. Suppose u = 3*t - 146. List the prime factors of t.
2, 31
Suppose y = -2*n + 4475, -11*y + 3*n = -6*y - 22310. What are the prime factors of y?
5, 19, 47
Suppose 5*o - 4*q - 802 = 1630, 0 = q - 2. What are the prime factors of o?
2, 61
Let d = 991 - 400. List the prime factors of d.
3, 197
Let p(f) = -f**3 - 9*f**2 - 5*f - 10. Let q be p(-9). Let u = 29 + q. List the prime factors of u.
2
Let o = 34 - 41. List the prime factors of o*((-15)/3 - -3).
2, 7
Let x be 1 - (11 + -2 + 6). Let f(i) = -i**3 - 13*i**2 + 10*i + 25. List the prime factors of f(x).
3
List the prime factors of ((-4)/(-6))/((40/(-49095))/(-4)).
3, 1091
Let g(u) = 2*u**2 - 41*u - 92.